or of 207751 and 721.
103
What is the highest common factor of 216 and 65340?
108
Calculate the highest common divisor of 1470 and 160524.
294
What is the greatest common divisor of 2451 and 18705?
129
What is the highest common divisor of 26 and 473642?
26
Calculate the greatest common factor of 28545 and 405.
15
Calculate the greatest common divisor of 8003 and 583.
53
What is the greatest common divisor of 37164 and 418?
38
Calculate the greatest common divisor of 41 and 2484641.
41
Calculate the greatest common factor of 36221 and 29.
29
Calculate the greatest common factor of 22 and 28039.
11
What is the highest common divisor of 3636372 and 8?
4
What is the highest common factor of 413 and 182?
7
Calculate the greatest common factor of 75 and 4150425.
75
What is the greatest common factor of 3021981 and 219?
219
Calculate the greatest common factor of 1549781 and 127.
127
Calculate the greatest common factor of 715175 and 75.
25
Calculate the greatest common factor of 6 and 27442.
2
What is the highest common factor of 38765 and 15?
5
What is the greatest common divisor of 34944 and 273?
273
Calculate the greatest common factor of 24 and 7601208.
24
Calculate the highest common divisor of 24 and 48520.
8
Calculate the highest common factor of 159 and 55491.
159
What is the highest common divisor of 14178008 and 52?
52
What is the greatest common divisor of 9204 and 26196?
708
Calculate the greatest common factor of 37147 and 99.
11
What is the highest common divisor of 3663 and 17316?
333
Calculate the greatest common divisor of 352 and 88891.
11
Calculate the greatest common factor of 2552 and 1848.
88
Calculate the highest common factor of 7378 and 28.
14
What is the greatest common factor of 1206 and 571242?
402
Calculate the greatest common divisor of 1991019 and 1869.
267
What is the highest common factor of 26356 and 44?
44
Calculate the highest common factor of 29637 and 165807.
801
What is the highest common factor of 992 and 6304?
32
What is the highest common divisor of 36 and 69756?
12
Calculate the highest common divisor of 3290 and 1680.
70
Calculate the highest common factor of 405 and 1527750.
45
What is the greatest common divisor of 32271 and 186?
93
What is the highest common factor of 5676 and 220?
44
What is the greatest common factor of 1319408 and 304?
16
What is the greatest common factor of 3500 and 3460?
20
What is the greatest common factor of 5617428 and 36?
12
Calculate the highest common divisor of 50768 and 722.
38
Calculate the highest common factor of 76588 and 328.
164
Calculate the highest common factor of 24708 and 2262.
174
Calculate the highest common divisor of 204906 and 4686.
426
Calculate the greatest common factor of 47376 and 4893.
21
What is the highest common factor of 315185 and 104?
13
What is the highest common factor of 10740 and 120?
60
Calculate the greatest common divisor of 273 and 23907.
39
What is the highest common factor of 91 and 105469?
91
What is the greatest common divisor of 336 and 227952?
48
Calculate the greatest common factor of 1483753 and 1426.
713
Calculate the highest common divisor of 72838 and 1422.
158
Calculate the greatest common factor of 161 and 105133.
161
Calculate the highest common factor of 4371 and 15252.
93
Calculate the highest common factor of 64250 and 4112.
514
Calculate the greatest common factor of 36841 and 8310.
277
Calculate the greatest common factor of 1 and 28629.
1
Calculate the greatest common divisor of 16725 and 300.
75
Calculate the highest common factor of 1 and 2401.
1
Calculate the greatest common divisor of 232 and 40980.
4
What is the highest common factor of 241 and 708299?
241
What is the greatest common divisor of 176 and 43208?
88
Calculate the greatest common divisor of 2945 and 806.
31
What is the greatest common divisor of 255359 and 416?
13
What is the greatest common divisor of 2058 and 968142?
294
Calculate the highest common divisor of 4959145 and 23.
23
Calculate the greatest common divisor of 412 and 667852.
412
Calculate the highest common factor of 8383100 and 440.
220
What is the greatest common divisor of 856 and 1453488?
856
What is the greatest common factor of 358 and 12746?
2
What is the highest common factor of 32864 and 57196?
316
What is the greatest common factor of 310 and 542500?
310
Calculate the greatest common divisor of 1379 and 1187713.
197
What is the greatest common factor of 24 and 47478?
6
What is the greatest common factor of 618230 and 52750?
2110
Calculate the greatest common factor of 3 and 60271.
1
What is the highest common factor of 494 and 209014?
26
Calculate the highest common factor of 4450 and 54.
2
Calculate the greatest common factor of 410263 and 611.
47
What is the highest common divisor of 308524 and 1370?
274
Calculate the greatest common factor of 11136 and 8.
8
What is the greatest common factor of 2734853 and 66?
11
Calculate the highest common divisor of 84 and 7497.
21
What is the greatest common factor of 36537 and 228?
57
What is the greatest common divisor of 14111 and 93571?
137
What is the greatest common divisor of 6838 and 130?
26
Calculate the greatest common factor of 318 and 258163.
53
Calculate the highest common divisor of 32 and 12932.
4
Calculate the highest common divisor of 177 and 11623.
59
Calculate the greatest common factor of 1650 and 1518.
66
What is the highest common divisor of 192717 and 189?
63
What is the highest common divisor of 128000 and 375?
125
Calculate the highest common factor of 4900 and 196.
196
What is the greatest common factor of 11429 and 253?
11
Calculate the highest common divisor of 12 and 40652.
4
Calculate the greatest common divisor of 120 and 144915.
15
What is the greatest common divisor of 160 and 322?
2
What is the greatest common divisor of 612 and 77316?
204
Calculate the highest common divisor of 611 and 10348507.
611
Calculate the highest common divisor of 44170 and 420.
70
Calculate the greatest common factor of 3053188 and 164.
164
What is the greatest common factor of 36 and 972?
36
Calculate the highest common factor of 80379 and 429.
39
Calculate the highest common factor of 7062 and 2574.
66
Calculate the greatest common factor of 17168 and 3552.
592
What is the greatest common factor of 92 and 52532?
92
Calculate the highest common factor of 105010 and 10.
10
What is the greatest common factor of 9483 and 8700?
87
What is the highest common divisor of 9 and 54894?
3
What is the highest common factor of 416 and 1742?
26
What is the highest common factor of 44774 and 1468?
734
What is the greatest common factor of 348 and 315404?
116
What is the highest common divisor of 82575 and 734?
367
What is the highest common divisor of 243 and 2178?
9
Calculate the highest common divisor of 4770 and 34290.
90
Calculate the highest common factor of 5 and 229430.
5
What is the highest common factor of 7578 and 198?
18
What is the highest common factor of 60 and 75060?
60
Calculate the highest common divisor of 87789 and 39.
39
What is the greatest common factor of 128 and 278912?
128
Calculate the greatest common factor of 338340 and 60.
60
Calculate the greatest common divisor of 199 and 211537.
199
Calculate the greatest common factor of 943870 and 296.
74
Calculate the highest common divisor of 278670 and 924.
42
What is the greatest common factor of 4323387 and 3?
3
What is the highest common factor of 45 and 134625?
15
What is the highest common divisor of 3368 and 682441?
421
What is the highest common factor of 45 and 1252791?
9
What is the greatest common factor of 1 and 808103?
1
What is the greatest common factor of 81153 and 131445?
1143
What is the highest common divisor of 8045404 and 298?
298
Calculate the greatest common factor of 1612 and 48763.
403
What is the highest common factor of 23714796 and 42?
42
Calculate the highest common factor of 23785 and 710.
355
What is the highest common divisor of 1074 and 2634?
6
What is the greatest common factor of 1530 and 95166?
306
Calculate the highest common divisor of 88785 and 60.
15
Calculate the greatest common factor of 8442 and 342370.
938
Calculate the greatest common divisor of 189 and 95769.
27
Calculate the highest common divisor of 2000 and 13250.
250
